{"id":346,"date":"2011-07-21T18:29:41","date_gmt":"2011-07-21T16:29:41","guid":{"rendered":"http:\/\/jahrdesbieres.de\/?page_id=346"},"modified":"2011-08-30T20:58:33","modified_gmt":"2011-08-30T18:58:33","slug":"grundlage-fur-unsere-bewertung","status":"publish","type":"page","link":"https:\/\/www.jahrdesbieres.de\/?page_id=346","title":{"rendered":"Aufschl\u00fcsselung f\u00fcr \u03a9"},"content":{"rendered":"<p>In den <a title=\"Der DZ-Faktor\" href=\"..\/?p=71\">DZ-Faktor<\/a> gehen zu einem nicht unwesentlichen Teil \u03a9 mit ein. \u03a9 ist dabei das arithmetische Mittel der Bewertung der beiden Protagonisten dieses Projekts. Diese Bewertung orientiert sich an folgendem Grundsatz:<\/p>\n<p style=\"padding-left: 30px;\"><strong>10<\/strong> -Dieses Bier ist ein Hochgenuss. Vergleichbar ist der Genuss dieses Bieres h\u00f6chstens noch mit einem Orgasmus. F\u00fcr solch ein Bier w\u00fcrde man Freunde verraten!<\/p>\n<p style=\"padding-left: 30px;\"><strong>9<\/strong> &#8211; Ein Bier das man eigentlich nur in einem Drei-Sternelokal erwarten kann. So einen Tropfen nimmt man gerne zu sich.<\/p>\n<p style=\"padding-left: 30px;\"><strong>8<\/strong> &#8211; Ein sehr gutes Bier das aufgrund seiner Eigenschaften aus der Masse der Biere herraus ragt. Zu diesen kann man ohne zu z\u00f6gern greifen.<\/p>\n<p style=\"padding-left: 30px;\"><strong>7<\/strong> &#8211; Ein gutes Bier das man gerne wieder und immer wieder trinkt.<\/p>\n<p style=\"padding-left: 30px;\"><strong>6<\/strong> &#8211; Ein Sechser-Bier ist ein Bier das wir noch bedenkenlos empfehlen. Man kann es zu jeder Tages und Nachtzeit trinken ohne dabei ein schlechtes Gewissen haben zu m\u00fcssen.<\/p>\n<p style=\"padding-left: 30px;\"><strong>5 <\/strong>&#8211; Ein normales Bier das weder durch besonders positive, noch durch besonders negative Eigenschaften auszeichnet.<\/p>\n<p style=\"padding-left: 30px;\"><strong>4 <\/strong>&#8211; Ein Vierer ist ein Bier das sich sebst unter Wert verkauft. Es tendiert dazu eher einen schlechten als einen guten Geschmack im Mund zu haben ohne dabei besonders unangenehm aufzufallen.<\/p>\n<p style=\"padding-left: 30px;\"><strong>3<\/strong> &#8211; Dieses Bier sollte man nur trinken wenn wirklich kein anderes Bier verf\u00fcgbar ist. Es befindet sich am unteren Ende dessen was man als trinkbar bezeichnet.<\/p>\n<p style=\"padding-left: 30px;\"><strong>2 <\/strong>&#8211; Dieses Bier besticht durch eine Ignoranz an allem was Bier ausmacht. Kein Geschmack &#8211; Keine W\u00fcrze einfach nix. Davon kann man nur und ausschlie\u00dflich abraten.<\/p>\n<p style=\"padding-left: 30px;\"><strong>1<\/strong> &#8211; Man k\u00f6nnte es noch Bier nennen was da eher nach Ochsenurin mit Kohlens\u00e4ure schmeckt. Aber das will man ja nicht wirklich. Schlie\u00dflich ist dieses &#8222;Bier&#8220; eine absolute Zumutung und eine Gefahr f\u00fcr die Geschmacksnerven.<\/p>\n<p><strong><br \/>\n<\/strong><\/p>\n","protected":false},"excerpt":{"rendered":"<p>In den DZ-Faktor gehen zu einem nicht unwesentlichen Teil \u03a9 mit ein. \u03a9 ist dabei das arithmetische Mittel der Bewertung der beiden Protagonisten dieses Projekts. Diese Bewertung orientiert sich an folgendem Grundsatz: 10 -Dieses Bier ist ein Hochgenuss. Vergleichbar ist &hellip; <a href=\"https:\/\/www.jahrdesbieres.de\/?page_id=346\">Weiterlesen <span class=\"meta-nav\">&rarr;<\/span><\/a><\/p>\n","protected":false},"author":2,"featured_media":0,"parent":131,"menu_order":9,"comment_status":"open","ping_status":"open","template":"","meta":{"footnotes":""},"class_list":["post-346","page","type-page","status-publish","hentry"],"_links":{"self":[{"href":"https:\/\/www.jahrdesbieres.de\/index.php?rest_route=\/wp\/v2\/pages\/346","targetHints":{"allow":["GET"]}}],"collection":[{"href":"https:\/\/www.jahrdesbieres.de\/index.php?rest_route=\/wp\/v2\/pages"}],"about":[{"href":"https:\/\/www.jahrdesbieres.de\/index.php?rest_route=\/wp\/v2\/types\/page"}],"author":[{"embeddable":true,"href":"https:\/\/www.jahrdesbieres.de\/index.php?rest_route=\/wp\/v2\/users\/2"}],"replies":[{"embeddable":true,"href":"https:\/\/www.jahrdesbieres.de\/index.php?rest_route=%2Fwp%2Fv2%2Fcomments&post=346"}],"version-history":[{"count":10,"href":"https:\/\/www.jahrdesbieres.de\/index.php?rest_route=\/wp\/v2\/pages\/346\/revisions"}],"predecessor-version":[{"id":411,"href":"https:\/\/www.jahrdesbieres.de\/index.php?rest_route=\/wp\/v2\/pages\/346\/revisions\/411"}],"up":[{"embeddable":true,"href":"https:\/\/www.jahrdesbieres.de\/index.php?rest_route=\/wp\/v2\/pages\/131"}],"wp:attachment":[{"href":"https:\/\/www.jahrdesbieres.de\/index.php?rest_route=%2Fwp%2Fv2%2Fmedia&parent=346"}],"curies":[{"name":"wp","href":"https:\/\/api.w.org\/{rel}","templated":true}]}}